{"id":405,"date":"2014-06-09T02:57:09","date_gmt":"2014-06-09T02:57:09","guid":{"rendered":"http:\/\/nmt82.joomexp.com\/wp-nuvo\/?page_id=2"},"modified":"2024-07-22T16:02:38","modified_gmt":"2024-07-22T21:02:38","slug":"sample-page-2","status":"publish","type":"page","link":"https:\/\/laparrillademarcos.com.co\/home\/sample-page-2\/","title":{"rendered":"Home"},"content":{"rendered":"<div class=\"wpb-content-wrapper\">[vc_row full_width=\u00bbstretch_row\u00bb el_class=\u00bbcs-cover-slider-events\u00bb row_responsive_extra_small=\u00bb1&#8243; type=\u00bbcs-cover-slider-events\u00bb bg_position=\u00bbtop\u00bb bg_repeat=\u00bbno-repeat\u00bb padding_top=\u00bb0&#8243; padding_bottom=\u00bb0&#8243; margin_top=\u00bb0&#8243; margin_bottom_row=\u00bb0&#8243;][vc_column el_class=\u00bbno-margin\u00bb][rev_slider_vc alias=\u00bbslider-home1&#8243;][vc_row_inner css=\u00bb.vc_custom_1675969784152{padding-right: 50px !important;padding-left: 50px !important;}\u00bb][vc_column_inner width=\u00bb1\/4&#8243;][\/vc_column_inner][vc_column_inner width=\u00bb1\/2&#8243;]\t<div class=\"feature-box-inner latest-events\">\r\n\t\t<div class=\"cs-transformEvents Events \">\r\n\t\t\t<div class=\"cs-eventHeader active\">\r\n\t\t\t\t<h3 class=\"css-eventTitle\">NUESTRO MEN\u00da TRADICIONAL<\/h3>\r\n\t\t\t\t<div class=\"css-eventDes\">Mira nuestra carta tradicional<\/div>\r\n\t\t\t<\/div>\r\n\t\t<\/div>\r\n\t\t<div class=\"cs-latestEvents block1 \">\r\n\t\t\t<div class=\"cs-eventBody\">\r\n\t\t\t    <p style=\"text-align: center;\"><span style=\"color: #ffffff;\">Mira nuestro men\u00fa para que vengas a disfrutar de nuestros platos<\/span> <a href=\"https:\/\/laparrillademarcos.com.co\/home\/wp-content\/uploads\/2024\/05\/PARRILLA-DE-MARCOS-PDF.pdf\" target=\"_blank\" rel=\"noopener\">aqu\u00ed<\/a><\/p>\n\t\t\t<\/div>\r\n\t\t<\/div>\r\n\t<\/div>\r\n\t[\/vc_column_inner][vc_column_inner width=\u00bb1\/4&#8243;][\/vc_column_inner][\/vc_row_inner][\/vc_column][\/vc_row][vc_row el_class=\u00bbtitle-center title-large\u00bb css=\u00bb.vc_custom_1484294733431{margin-bottom: 0px !important;}\u00bb][vc_column][vc_custom_heading text=\u00bbVen &amp; disfruta nuestros men\u00fas\u00bb font_container=\u00bbtag:h1|font_size:40px|text_align:center|color:%23c79c60|line_height:96px\u00bb google_fonts=\u00bbfont_family:Lora%3Aregular%2Citalic%2C700%2C700italic|font_style:400%20italic%3A400%3Aitalic\u00bb css=\u00bb.vc_custom_1548434811937{margin-bottom: 0px !important;}\u00bb][vc_column_text css=\u00bb.vc_custom_1721682152831{padding-right: 50px !important;padding-left: 50px !important;}\u00bb]\n<p style=\"text-align: center;\">Nuestra propuesta culinaria sintetiza la experiencia de a\u00f1os, a trav\u00e9s de la cual ha rescatado nuestra cultura gastron\u00f3mica, mezclando productos que nos brinda la tierra y los mares colombianos, manjares que transforma en platos a nivel internacional, que satisfacen el gusto de todos nuestro visitantes.<\/p>\n[\/vc_column_text][\/vc_column][\/vc_row][vc_row el_class=\u00bbbg-row-gray\u00bb bg_position=\u00bbtop\u00bb bg_repeat=\u00bbno-repeat\u00bb padding_top=\u00bb10&#8243; padding_bottom=\u00bb10&#8243; margin_top=\u00bb0&#8243; margin_bottom_row=\u00bb0&#8243; css=\u00bb.vc_custom_1404529236473{margin-bottom: 0px !important;padding-top: 50px !important;padding-bottom: 50px !important;}\u00bb][vc_column el_class=\u00bbtitle-center title-large\u00bb][vc_empty_space height=\u00bb50px\u00bb][vc_custom_heading text=\u00bbNuevos Platos\u00bb font_container=\u00bbtag:h1|font_size:40px|text_align:center|color:%23c79c60|line_height:65px\u00bb google_fonts=\u00bbfont_family:Lora%3Aregular%2Citalic%2C700%2C700italic|font_style:400%20italic%3A400%3Aitalic\u00bb css=\u00bb.vc_custom_1549210270928{margin-bottom: 0px !important;}\u00bb][vc_custom_heading text=\u00bbDe La Parrilla de Marcos\u00bb font_container=\u00bbtag:p|font_size:25px|text_align:center|color:%23000000|line_height:1px\u00bb google_fonts=\u00bbfont_family:Playfair%20Display%20SC%3Aregular%2Citalic%2C700%2C700italic%2C900%2C900italic|font_style:400%20regular%3A400%3Anormal\u00bb css=\u00bb.vc_custom_1548772951188{margin-bottom: 0px !important;}\u00bb][vc_row_inner][vc_column_inner][vc_empty_space height=\u00bb50px\u00bb][vc_media_grid grid_id=\u00bbvc_gid:1721682135510-3b64756be03c3a343ea8094b40127657-2&#8243; include=\u00bb6522,5611,5616&#8243;][vc_empty_space height=\u00bb50px\u00bb][\/vc_column_inner][\/vc_row_inner][\/vc_column][\/vc_row][vc_row full_width=\u00bbstretch_row_content\u00bb el_class=\u00bbrow-overlay\u00bb type=\u00bbww-custom\u00bb animation=\u00bbbottom-to-top\u00bb enable_parallax=\u00bbfalse\u00bb parallax_speed=\u00bb0.6&#8243; bg_video_color=\u00bb#000000&#8243; bg_video_transparent=\u00bb0.6&#8243; background_image=\u00bb\u00bb bg_position=\u00bbtop\u00bb bg_repeat=\u00bbno-repeat\u00bb padding_top=\u00bb200&#8243; padding_bottom=\u00bb200&#8243; margin_top=\u00bb0&#8243; margin_bottom_row=\u00bb0&#8243; css=\u00bb.vc_custom_1552659025142{padding-top: 230px !important;padding-right: 0px !important;padding-bottom: 230px !important;padding-left: 0px !important;background: rgba(0,0,0,0.6) url(http:\/\/laparrillademarcos.com.co\/home\/wp-content\/uploads\/2019\/02\/4.jpg?id=6333) !important;*background-color: rgb(0,0,0) !important;}\u00bb][vc_column][vc_custom_heading text=\u00bbLa parrilla de Marcos\u00bb font_container=\u00bbtag:h1|font_size:40px|text_align:center|color:%23c79c60|line_height:65px\u00bb google_fonts=\u00bbfont_family:Lora%3Aregular%2Citalic%2C700%2C700italic|font_style:400%20italic%3A400%3Aitalic\u00bb css=\u00bb.vc_custom_1548434658424{margin-bottom: 0px !important;}\u00bb][vc_custom_heading text=\u00bbEXCELENCIA Y CALIDAD\u00bb font_container=\u00bbtag:div|font_size:25px|text_align:center|color:%23ffffff|line_height:1&#8243; google_fonts=\u00bbfont_family:Playfair%20Display%20SC%3Aregular%2Citalic%2C700%2C700italic%2C900%2C900italic|font_style:400%20regular%3A400%3Anormal\u00bb css=\u00bb.vc_custom_1548342296420{margin-bottom: 50px !important;}\u00bb][vc_custom_heading text=\u00bbEn nuestra parrilla se manejan carnes, pescados y mariscos de alta calidad.\u00bb font_container=\u00bbtag:p|font_size:24px|text_align:center|color:%23ffffff|line_height:32px\u00bb google_fonts=\u00bbfont_family:Lora%3Aregular%2Citalic%2C700%2C700italic|font_style:400%20regular%3A400%3Anormal\u00bb][\/vc_column][\/vc_row][vc_row el_class=\u00bbbg-row-gray\u00bb bg_position=\u00bbtop\u00bb bg_repeat=\u00bbno-repeat\u00bb padding_top=\u00bb10&#8243; padding_bottom=\u00bb10&#8243; margin_top=\u00bb0&#8243; margin_bottom_row=\u00bb0&#8243; css=\u00bb.vc_custom_1404529236473{margin-bottom: 0px !important;padding-top: 50px !important;padding-bottom: 50px !important;}\u00bb][vc_column el_class=\u00bbtitle-center title-large\u00bb][vc_empty_space height=\u00bb50px\u00bb][vc_custom_heading text=\u00bbPr\u00f3ximo Evento\u00bb font_container=\u00bbtag:h1|font_size:40px|text_align:center|color:%23c79c60|line_height:65px\u00bb google_fonts=\u00bbfont_family:Lora%3Aregular%2Citalic%2C700%2C700italic|font_style:400%20italic%3A400%3Aitalic\u00bb css=\u00bb.vc_custom_1549237658420{margin-bottom: 0px !important;}\u00bb][vc_custom_heading text=\u00bbDe La Parrilla de Marcos\u00bb font_container=\u00bbtag:p|font_size:25px|text_align:center|color:%23000000|line_height:1px\u00bb google_fonts=\u00bbfont_family:Playfair%20Display%20SC%3Aregular%2Citalic%2C700%2C700italic%2C900%2C900italic|font_style:400%20regular%3A400%3Anormal\u00bb css=\u00bb.vc_custom_1548772951188{margin-bottom: 0px !important;}\u00bb][\/vc_column][\/vc_row][vc_row][vc_column][vc_empty_space height=\u00bb50px\u00bb][vc_empty_space height=\u00bb50px\u00bb][\/vc_column][\/vc_row][vc_row full_width=\u00bbstretch_row\u00bb content_placement=\u00bbmiddle\u00bb type=\u00bbww-custom\u00bb animation=\u00bbleft-to-right\u00bb enable_parallax=\u00bbfalse\u00bb parallax_speed=\u00bb0.7&#8243; background_image=\u00bb\u00bb bg_position=\u00bbtop\u00bb bg_repeat=\u00bbno-repeat\u00bb padding_top=\u00bb200&#8243; padding_bottom=\u00bb200&#8243; margin_top=\u00bb0&#8243; margin_bottom_row=\u00bb0&#8243; css=\u00bb.vc_custom_1654359527011{padding-top: 150px !important;padding-right: 0px !important;padding-bottom: 150px !important;padding-left: 0px !important;background: #000000 url(http:\/\/laparrillademarcos.com.co\/home\/wp-content\/uploads\/2019\/01\/bg-reservas.png?id=6031) !important;background-position: center !important;background-repeat: no-repeat !important;background-size: cover !important;}\u00bb font_color=\u00bb#ffffff\u00bb][vc_column][vc_custom_heading text=\u00bbReservaciones\u00bb font_container=\u00bbtag:h1|font_size:40px|text_align:center|color:%23c79c60|line_height:65px\u00bb google_fonts=\u00bbfont_family:Lora%3Aregular%2Citalic%2C700%2C700italic|font_style:400%20italic%3A400%3Aitalic\u00bb css=\u00bb.vc_custom_1548434671694{margin-bottom: 0px !important;}\u00bb][vc_custom_heading text=\u00bbVEN Y DISFRUTA NUESTRA HOSPITALIDAD\u00bb font_container=\u00bbtag:div|font_size:25px|text_align:center|color:%23ffffff|line_height:1&#8243; google_fonts=\u00bbfont_family:Playfair%20Display%20SC%3Aregular%2Citalic%2C700%2C700italic%2C900%2C900italic|font_style:400%20regular%3A400%3Anormal\u00bb css=\u00bb.vc_custom_1614291382476{margin-bottom: 50px !important;}\u00bb][vc_row_inner equal_height=\u00bbyes\u00bb content_placement=\u00bbmiddle\u00bb][vc_column_inner width=\u00bb1\/5&#8243;][\/vc_column_inner][vc_column_inner width=\u00bb1\/5&#8243;][\/vc_column_inner][vc_column_inner width=\u00bb1\/5&#8243;][vc_column_text el_class=\u00bbpadre\u00bb]\n<p style=\"text-align: center;\"><div id=\"nta-wabutton-7102\" style=\"margin: 30px 0 30px;\"><a target=\"_blank\" href=\"https:\/\/web.whatsapp.com\/send?phone=573176494602\" class=\"wa__button wa__r_button wa__stt_online wa__btn_w_icon \"><div class=\"wa__btn_icon\"><img decoding=\"async\" src=\"https:\/\/laparrillademarcos.com.co\/home\/wp-content\/plugins\/whatsapp-for-wordpress\/assets\/img\/whatsapp_logo.svg\" alt=\"img\"\/><\/div><div class=\"wa__btn_txt\"><div class=\"wa__cs_info\"><div class=\"wa__cs_name\">Reservas<\/div><div class=\"wa__cs_status\">Online<\/div><\/div><div class=\"wa__btn_title\">Haga sus reservas por whatsapp<\/div><\/div><\/a><\/div>\n[\/vc_column_text][\/vc_column_inner][vc_column_inner width=\u00bb1\/5&#8243;][\/vc_column_inner][vc_column_inner width=\u00bb1\/5&#8243;][\/vc_column_inner][\/vc_row_inner][vc_empty_space height=\u00bb50px\u00bb][\/vc_column][\/vc_row][vc_row][vc_column][\/vc_column][\/vc_row]\n<\/div>","protected":false},"excerpt":{"rendered":"<p>[vc_row full_width=\u00bbstretch_row\u00bb el_class=\u00bbcs-cover-slider-events\u00bb row_responsive_extra_small=\u00bb1&#8243; type=\u00bbcs-cover-slider-events\u00bb bg_position=\u00bbtop\u00bb bg_repeat=\u00bbno-repeat\u00bb padding_top=\u00bb0&#8243; padding_bottom=\u00bb0&#8243; margin_top=\u00bb0&#8243; margin_bottom_row=\u00bb0&#8243;][vc_column el_class=\u00bbno-margin\u00bb][rev_slider_vc alias=\u00bbslider-home1&#8243;][vc_row_inner css=\u00bb.vc_custom_1675969784152{padding-right: 50px !important;padding-left: 50px !important;}\u00bb][vc_column_inner width=\u00bb1\/4&#8243;][\/vc_column_inner][vc_column_inner width=\u00bb1\/2&#8243;][\/vc_column_inner][vc_column_inner width=\u00bb1\/4&#8243;][\/vc_column_inner][\/vc_row_inner][\/vc_column][\/vc_row][vc_row el_class=\u00bbtitle-center title-large\u00bb css=\u00bb.vc_custom_1484294733431{margin-bottom: 0px !important;}\u00bb][vc_column][vc_custom_heading text=\u00bbVen &amp; disfruta nuestros men\u00fas\u00bb font_container=\u00bbtag:h1|font_size:40px|text_align:center|color:%23c79c60|line_height:96px\u00bb google_fonts=\u00bbfont_family:Lora%3Aregular%2Citalic%2C700%2C700italic|font_style:400%20italic%3A400%3Aitalic\u00bb css=\u00bb.vc_custom_1548434811937{margin-bottom: 0px !important;}\u00bb][vc_column_text css=\u00bb.vc_custom_1721682152831{padding-right: 50px !important;padding-left: 50px !important;}\u00bb] Nuestra propuesta culinaria sintetiza la experiencia de a\u00f1os, a trav\u00e9s de la cual ha [&hellip;]<\/p>\n","protected":false},"author":1,"featured_media":0,"parent":0,"menu_order":0,"comment_status":"closed","ping_status":"open","template":"","meta":{"footnotes":""},"class_list":["post-405","page","type-page","status-publish","hentry"],"jetpack_sharing_enabled":true,"_links":{"self":[{"href":"https:\/\/laparrillademarcos.com.co\/home\/wp-json\/wp\/v2\/pages\/405"}],"collection":[{"href":"https:\/\/laparrillademarcos.com.co\/home\/wp-json\/wp\/v2\/pages"}],"about":[{"href":"https:\/\/laparrillademarcos.com.co\/home\/wp-json\/wp\/v2\/types\/page"}],"author":[{"embeddable":true,"href":"https:\/\/laparrillademarcos.com.co\/home\/wp-json\/wp\/v2\/users\/1"}],"replies":[{"embeddable":true,"href":"https:\/\/laparrillademarcos.com.co\/home\/wp-json\/wp\/v2\/comments?post=405"}],"version-history":[{"count":159,"href":"https:\/\/laparrillademarcos.com.co\/home\/wp-json\/wp\/v2\/pages\/405\/revisions"}],"predecessor-version":[{"id":7172,"href":"https:\/\/laparrillademarcos.com.co\/home\/wp-json\/wp\/v2\/pages\/405\/revisions\/7172"}],"wp:attachment":[{"href":"https:\/\/laparrillademarcos.com.co\/home\/wp-json\/wp\/v2\/media?parent=405"}],"curies":[{"name":"wp","href":"https:\/\/api.w.org\/{rel}","templated":true}]}}